{"id":4192,"date":"2025-03-21T12:59:22","date_gmt":"2025-03-21T11:59:22","guid":{"rendered":"https:\/\/strandfesztival.com\/?page_id=4192"},"modified":"2025-03-21T12:59:53","modified_gmt":"2025-03-21T11:59:53","slug":"reszletfizetes","status":"publish","type":"page","link":"https:\/\/strandfesztival.com\/hu\/reszletfizetes\/","title":{"rendered":"Jegyek r\u00e9szletre"},"content":{"rendered":"<p>&nbsp;<\/p>\n<p>&nbsp;<\/p>\n<p style=\"text-align: center;\"><strong>Tudtad, hogy lehet\u0151s\u00e9ged van a STRAND b\u00e9rletedet r\u00e9szletfizet\u00e9ssel megv\u00e1s\u00e1rolni?<\/strong><\/p>\n<p style=\"text-align: center;\">Az aj\u00e1nlat a h\u00e1rom- \u00e9s n\u00e9gynapos, illetve a di\u00e1k \u00e9s a VIP b\u00e9rletekre is vonatkozik.Nincs m\u00e1s dolgod, mint kos\u00e1rba tenni a kiv\u00e1lasztott b\u00e9rlett\u00edpust \u00e9s kiv\u00e1lasztani a r\u00e9szletfizet\u00e9s lehet\u0151s\u00e9g\u00e9t.<\/p>\n<p style=\"text-align: center;\">Az els\u0151 tranzakci\u00f3 sor\u00e1n csak az els\u0151 r\u00e9szlet \u00e9s a kezel\u00e9si k\u00f6lts\u00e9g ker\u00fcl levon\u00e1sra, a h\u00e1tral\u00e9v\u0151 r\u00e9szletek ugyanarr\u00f3l a bankk\u00e1rty\u00e1r\u00f3l lesznek levonva havonta, amelyr\u0151l az els\u0151 tranzakci\u00f3t ind\u00edtottad.<\/p>\n<p style=\"text-align: center;\">Ha minden r\u00e9szlet sikeresen meg\u00e9rkezett hozz\u00e1nk, elk\u00fcldj\u00fck a megv\u00e1s\u00e1rolt jegyedet.<\/p>\n<h5 style=\"text-align: center;\"><a href=\"https:\/\/strandfesztival.com\/hu\/jegyek\/\">A v\u00e1s\u00e1rl\u00e1s megkezd\u00e9s\u00e9hez kattints ide!<\/a><\/h5>\n<p>&nbsp;<\/p>\n<p>&nbsp;<\/p>\n<p>&nbsp;<\/p>\n","protected":false},"excerpt":{"rendered":"<p>&nbsp; &nbsp; Tudtad, hogy lehet\u0151s\u00e9ged van a STRAND b\u00e9rletedet r\u00e9szletfizet\u00e9ssel megv\u00e1s\u00e1rolni? Az aj\u00e1nlat a h\u00e1rom- \u00e9s n\u00e9gynapos, illetve a di\u00e1k \u00e9s a VIP b\u00e9rletekre is vonatkozik.Nincs m\u00e1s dolgod, mint kos\u00e1rba tenni a kiv\u00e1lasztott b\u00e9rlett\u00edpust \u00e9s kiv\u00e1lasztani a r\u00e9szletfizet\u00e9s lehet\u0151s\u00e9g\u00e9t. Az els\u0151 tranzakci\u00f3 sor\u00e1n csak az els\u0151 r\u00e9szlet \u00e9s a kezel\u00e9si k\u00f6lts\u00e9g ker\u00fcl levon\u00e1sra, a h\u00e1tral\u00e9v\u0151 [&hellip;]<\/p>\n","protected":false},"author":4,"featured_media":0,"parent":0,"menu_order":0,"comment_status":"closed","ping_status":"closed","template":"","meta":{"_acf_changed":false,"footnotes":""},"class_list":["post-4192","page","type-page","status-publish","hentry"],"acf":[],"yoast_head":"<!-- This site is optimized with the Yoast SEO plugin v27.5 - https:\/\/yoast.com\/product\/yoast-seo-wordpress\/ -->\n<title>Jegyek r\u00e9szletre &#8902; Strand Fesztiv\u00e1l<\/title>\n<meta name=\"robots\" content=\"index, follow, max-snippet:-1, max-image-preview:large, max-video-preview:-1\" \/>\n<link rel=\"canonical\" href=\"https:\/\/strandfesztival.com\/hu\/reszletfizetes\/\" \/>\n<meta property=\"og:locale\" content=\"hu_HU\" \/>\n<meta property=\"og:type\" content=\"article\" \/>\n<meta property=\"og:title\" content=\"Jegyek r\u00e9szletre &#8902; Strand Fesztiv\u00e1l\" \/>\n<meta property=\"og:description\" content=\"&nbsp; &nbsp; Tudtad, hogy lehet\u0151s\u00e9ged van a STRAND b\u00e9rletedet r\u00e9szletfizet\u00e9ssel megv\u00e1s\u00e1rolni? Az aj\u00e1nlat a h\u00e1rom- \u00e9s n\u00e9gynapos, illetve a di\u00e1k \u00e9s a VIP b\u00e9rletekre is vonatkozik.Nincs m\u00e1s dolgod, mint kos\u00e1rba tenni a kiv\u00e1lasztott b\u00e9rlett\u00edpust \u00e9s kiv\u00e1lasztani a r\u00e9szletfizet\u00e9s lehet\u0151s\u00e9g\u00e9t. Az els\u0151 tranzakci\u00f3 sor\u00e1n csak az els\u0151 r\u00e9szlet \u00e9s a kezel\u00e9si k\u00f6lts\u00e9g ker\u00fcl levon\u00e1sra, a h\u00e1tral\u00e9v\u0151 [&hellip;]\" \/>\n<meta property=\"og:url\" content=\"https:\/\/strandfesztival.com\/hu\/reszletfizetes\/\" \/>\n<meta property=\"og:site_name\" content=\"Strand Fesztiv\u00e1l\" \/>\n<meta property=\"article:publisher\" content=\"https:\/\/www.facebook.com\/StrandFesztival\" \/>\n<meta property=\"article:modified_time\" content=\"2025-03-21T11:59:53+00:00\" \/>\n<meta property=\"og:image\" content=\"https:\/\/strandfesztival.com\/wp-content\/uploads\/2026\/02\/str2026.jpg\" \/>\n\t<meta property=\"og:image:width\" content=\"768\" \/>\n\t<meta property=\"og:image:height\" content=\"326\" \/>\n\t<meta property=\"og:image:type\" content=\"image\/jpeg\" \/>\n<meta name=\"twitter:card\" content=\"summary_large_image\" \/>\n<meta name=\"twitter:label1\" content=\"Becs\u00fclt olvas\u00e1si id\u0151\" \/>\n\t<meta name=\"twitter:data1\" content=\"1 perc\" \/>\n<script type=\"application\/ld+json\" class=\"yoast-schema-graph\">{\"@context\":\"https:\\\/\\\/schema.org\",\"@graph\":[{\"@type\":\"WebPage\",\"@id\":\"https:\\\/\\\/strandfesztival.com\\\/hu\\\/reszletfizetes\\\/\",\"url\":\"https:\\\/\\\/strandfesztival.com\\\/hu\\\/reszletfizetes\\\/\",\"name\":\"Jegyek r\u00e9szletre &#8902; Strand Fesztiv\u00e1l\",\"isPartOf\":{\"@id\":\"https:\\\/\\\/strandfesztival.com\\\/hu\\\/#website\"},\"datePublished\":\"2025-03-21T11:59:22+00:00\",\"dateModified\":\"2025-03-21T11:59:53+00:00\",\"breadcrumb\":{\"@id\":\"https:\\\/\\\/strandfesztival.com\\\/hu\\\/reszletfizetes\\\/#breadcrumb\"},\"inLanguage\":\"hu\",\"potentialAction\":[{\"@type\":\"ReadAction\",\"target\":[\"https:\\\/\\\/strandfesztival.com\\\/hu\\\/reszletfizetes\\\/\"]}]},{\"@type\":\"BreadcrumbList\",\"@id\":\"https:\\\/\\\/strandfesztival.com\\\/hu\\\/reszletfizetes\\\/#breadcrumb\",\"itemListElement\":[{\"@type\":\"ListItem\",\"position\":1,\"name\":\"Kezd\u0151lap\",\"item\":\"https:\\\/\\\/strandfesztival.com\\\/hu\\\/\"},{\"@type\":\"ListItem\",\"position\":2,\"name\":\"Jegyek r\u00e9szletre\"}]},{\"@type\":\"WebSite\",\"@id\":\"https:\\\/\\\/strandfesztival.com\\\/hu\\\/#website\",\"url\":\"https:\\\/\\\/strandfesztival.com\\\/hu\\\/\",\"name\":\"STRAND Fesztiv\u00e1l\",\"description\":\"&#x2600;&#xfe0f; Strand &#x1f3d6;&#xfe0f; Csoda &#x2728; Balaton &#x2600;&#xfe0f;\",\"publisher\":{\"@id\":\"https:\\\/\\\/strandfesztival.com\\\/hu\\\/#organization\"},\"potentialAction\":[{\"@type\":\"SearchAction\",\"target\":{\"@type\":\"EntryPoint\",\"urlTemplate\":\"https:\\\/\\\/strandfesztival.com\\\/hu\\\/?s={search_term_string}\"},\"query-input\":{\"@type\":\"PropertyValueSpecification\",\"valueRequired\":true,\"valueName\":\"search_term_string\"}}],\"inLanguage\":\"hu\"},{\"@type\":\"Organization\",\"@id\":\"https:\\\/\\\/strandfesztival.com\\\/hu\\\/#organization\",\"name\":\"STRAND Fesztiv\u00e1l\",\"url\":\"https:\\\/\\\/strandfesztival.com\\\/hu\\\/\",\"logo\":{\"@type\":\"ImageObject\",\"inLanguage\":\"hu\",\"@id\":\"https:\\\/\\\/strandfesztival.com\\\/hu\\\/#\\\/schema\\\/logo\\\/image\\\/\",\"url\":\"https:\\\/\\\/strandfesztival.com\\\/wp-content\\\/uploads\\\/2025\\\/12\\\/strand-logo.svg\",\"contentUrl\":\"https:\\\/\\\/strandfesztival.com\\\/wp-content\\\/uploads\\\/2025\\\/12\\\/strand-logo.svg\",\"width\":1,\"height\":1,\"caption\":\"STRAND Fesztiv\u00e1l\"},\"image\":{\"@id\":\"https:\\\/\\\/strandfesztival.com\\\/hu\\\/#\\\/schema\\\/logo\\\/image\\\/\"},\"sameAs\":[\"https:\\\/\\\/www.facebook.com\\\/StrandFesztival\",\"https:\\\/\\\/www.instagram.com\\\/strandfesztival\\\/\"]}]}<\/script>\n<!-- \/ Yoast SEO plugin. -->","yoast_head_json":{"title":"Jegyek r\u00e9szletre &#8902; Strand Fesztiv\u00e1l","robots":{"index":"index","follow":"follow","max-snippet":"max-snippet:-1","max-image-preview":"max-image-preview:large","max-video-preview":"max-video-preview:-1"},"canonical":"https:\/\/strandfesztival.com\/hu\/reszletfizetes\/","og_locale":"hu_HU","og_type":"article","og_title":"Jegyek r\u00e9szletre &#8902; Strand Fesztiv\u00e1l","og_description":"&nbsp; &nbsp; Tudtad, hogy lehet\u0151s\u00e9ged van a STRAND b\u00e9rletedet r\u00e9szletfizet\u00e9ssel megv\u00e1s\u00e1rolni? Az aj\u00e1nlat a h\u00e1rom- \u00e9s n\u00e9gynapos, illetve a di\u00e1k \u00e9s a VIP b\u00e9rletekre is vonatkozik.Nincs m\u00e1s dolgod, mint kos\u00e1rba tenni a kiv\u00e1lasztott b\u00e9rlett\u00edpust \u00e9s kiv\u00e1lasztani a r\u00e9szletfizet\u00e9s lehet\u0151s\u00e9g\u00e9t. Az els\u0151 tranzakci\u00f3 sor\u00e1n csak az els\u0151 r\u00e9szlet \u00e9s a kezel\u00e9si k\u00f6lts\u00e9g ker\u00fcl levon\u00e1sra, a h\u00e1tral\u00e9v\u0151 [&hellip;]","og_url":"https:\/\/strandfesztival.com\/hu\/reszletfizetes\/","og_site_name":"Strand Fesztiv\u00e1l","article_publisher":"https:\/\/www.facebook.com\/StrandFesztival","article_modified_time":"2025-03-21T11:59:53+00:00","og_image":[{"width":768,"height":326,"url":"https:\/\/strandfesztival.com\/wp-content\/uploads\/2026\/02\/str2026.jpg","type":"image\/jpeg"}],"twitter_card":"summary_large_image","twitter_misc":{"Becs\u00fclt olvas\u00e1si id\u0151":"1 perc"},"schema":{"@context":"https:\/\/schema.org","@graph":[{"@type":"WebPage","@id":"https:\/\/strandfesztival.com\/hu\/reszletfizetes\/","url":"https:\/\/strandfesztival.com\/hu\/reszletfizetes\/","name":"Jegyek r\u00e9szletre &#8902; Strand Fesztiv\u00e1l","isPartOf":{"@id":"https:\/\/strandfesztival.com\/hu\/#website"},"datePublished":"2025-03-21T11:59:22+00:00","dateModified":"2025-03-21T11:59:53+00:00","breadcrumb":{"@id":"https:\/\/strandfesztival.com\/hu\/reszletfizetes\/#breadcrumb"},"inLanguage":"hu","potentialAction":[{"@type":"ReadAction","target":["https:\/\/strandfesztival.com\/hu\/reszletfizetes\/"]}]},{"@type":"BreadcrumbList","@id":"https:\/\/strandfesztival.com\/hu\/reszletfizetes\/#breadcrumb","itemListElement":[{"@type":"ListItem","position":1,"name":"Kezd\u0151lap","item":"https:\/\/strandfesztival.com\/hu\/"},{"@type":"ListItem","position":2,"name":"Jegyek r\u00e9szletre"}]},{"@type":"WebSite","@id":"https:\/\/strandfesztival.com\/hu\/#website","url":"https:\/\/strandfesztival.com\/hu\/","name":"STRAND Fesztiv\u00e1l","description":"&#x2600;&#xfe0f; Strand &#x1f3d6;&#xfe0f; Csoda &#x2728; Balaton &#x2600;&#xfe0f;","publisher":{"@id":"https:\/\/strandfesztival.com\/hu\/#organization"},"potentialAction":[{"@type":"SearchAction","target":{"@type":"EntryPoint","urlTemplate":"https:\/\/strandfesztival.com\/hu\/?s={search_term_string}"},"query-input":{"@type":"PropertyValueSpecification","valueRequired":true,"valueName":"search_term_string"}}],"inLanguage":"hu"},{"@type":"Organization","@id":"https:\/\/strandfesztival.com\/hu\/#organization","name":"STRAND Fesztiv\u00e1l","url":"https:\/\/strandfesztival.com\/hu\/","logo":{"@type":"ImageObject","inLanguage":"hu","@id":"https:\/\/strandfesztival.com\/hu\/#\/schema\/logo\/image\/","url":"https:\/\/strandfesztival.com\/wp-content\/uploads\/2025\/12\/strand-logo.svg","contentUrl":"https:\/\/strandfesztival.com\/wp-content\/uploads\/2025\/12\/strand-logo.svg","width":1,"height":1,"caption":"STRAND Fesztiv\u00e1l"},"image":{"@id":"https:\/\/strandfesztival.com\/hu\/#\/schema\/logo\/image\/"},"sameAs":["https:\/\/www.facebook.com\/StrandFesztival","https:\/\/www.instagram.com\/strandfesztival\/"]}]}},"_links":{"self":[{"href":"https:\/\/strandfesztival.com\/hu\/wp-json\/wp\/v2\/pages\/4192","targetHints":{"allow":["GET"]}}],"collection":[{"href":"https:\/\/strandfesztival.com\/hu\/wp-json\/wp\/v2\/pages"}],"about":[{"href":"https:\/\/strandfesztival.com\/hu\/wp-json\/wp\/v2\/types\/page"}],"author":[{"embeddable":true,"href":"https:\/\/strandfesztival.com\/hu\/wp-json\/wp\/v2\/users\/4"}],"replies":[{"embeddable":true,"href":"https:\/\/strandfesztival.com\/hu\/wp-json\/wp\/v2\/comments?post=4192"}],"version-history":[{"count":0,"href":"https:\/\/strandfesztival.com\/hu\/wp-json\/wp\/v2\/pages\/4192\/revisions"}],"wp:attachment":[{"href":"https:\/\/strandfesztival.com\/hu\/wp-json\/wp\/v2\/media?parent=4192"}],"curies":[{"name":"wp","href":"https:\/\/api.w.org\/{rel}","templated":true}]}}

Jegyek részletre

<p>&nbsp;</p>
<p>&nbsp;</p>
<p style="text-align: center;"><strong>Tudtad, hogy lehetőséged van a STRAND bérletedet részletfizetéssel megvásárolni?</strong></p>
<p style="text-align: center;">Az ajánlat a három- és négynapos, illetve a diák és a VIP bérletekre is vonatkozik.Nincs más dolgod, mint kosárba tenni a kiválasztott bérlettípust és kiválasztani a részletfizetés lehetőségét.</p>
<p style="text-align: center;">Az első tranzakció során csak az első részlet és a kezelési költség kerül levonásra, a hátralévő részletek ugyanarról a bankkártyáról lesznek levonva havonta, amelyről az első tranzakciót indítottad.</p>
<p style="text-align: center;">Ha minden részlet sikeresen megérkezett hozzánk, elküldjük a megvásárolt jegyedet.</p>
<h5 style="text-align: center;"><a href="https://strandfesztival.com/hu/jegyek/">A vásárlás megkezdéséhez kattints ide!</a></h5>
<p>&nbsp;</p>
<p>&nbsp;</p>
<p>&nbsp;</p>

<p>&nbsp; &nbsp; Tudtad, hogy lehetőséged van a STRAND bérletedet részletfizetéssel megvásárolni? Az ajánlat a három- és négynapos, illetve a diák és a VIP bérletekre is vonatkozik.Nincs más dolgod, mint kosárba tenni a kiválasztott bérlettípust és kiválasztani a részletfizetés lehetőségét. Az első tranzakció során csak az első részlet és a kezelési költség kerül levonásra, a hátralévő [&hellip;]</p>

<!-- This site is optimized with the Yoast SEO plugin v27.5 - https://yoast.com/product/yoast-seo-wordpress/ -->
<title>Jegyek részletre &#8902; Strand Fesztivál</title>
<meta name="robots" content="index, follow, max-snippet:-1, max-image-preview:large, max-video-preview:-1" />
<link rel="canonical" href="https://strandfesztival.com/hu/reszletfizetes/" />
<meta property="og:locale" content="hu_HU" />
<meta property="og:type" content="article" />
<meta property="og:title" content="Jegyek részletre &#8902; Strand Fesztivál" />
<meta property="og:description" content="&nbsp; &nbsp; Tudtad, hogy lehetőséged van a STRAND bérletedet részletfizetéssel megvásárolni? Az ajánlat a három- és négynapos, illetve a diák és a VIP bérletekre is vonatkozik.Nincs más dolgod, mint kosárba tenni a kiválasztott bérlettípust és kiválasztani a részletfizetés lehetőségét. Az első tranzakció során csak az első részlet és a kezelési költség kerül levonásra, a hátralévő [&hellip;]" />
<meta property="og:url" content="https://strandfesztival.com/hu/reszletfizetes/" />
<meta property="og:site_name" content="Strand Fesztivál" />
<meta property="article:publisher" content="https://www.facebook.com/StrandFesztival" />
<meta property="article:modified_time" content="2025-03-21T11:59:53+00:00" />
<meta property="og:image" content="https://strandfesztival.com/wp-content/uploads/2026/02/str2026.jpg" />
	<meta property="og:image:width" content="768" />
	<meta property="og:image:height" content="326" />
	<meta property="og:image:type" content="image/jpeg" />
<meta name="twitter:card" content="summary_large_image" />
<meta name="twitter:label1" content="Becsült olvasási idő" />
	<meta name="twitter:data1" content="1 perc" />
<script type="application/ld+json" class="yoast-schema-graph">{"@context":"https:\/\/schema.org","@graph":[{"@type":"WebPage","@id":"https:\/\/strandfesztival.com\/hu\/reszletfizetes\/","url":"https:\/\/strandfesztival.com\/hu\/reszletfizetes\/","name":"Jegyek részletre &#8902; Strand Fesztivál","isPartOf":{"@id":"https:\/\/strandfesztival.com\/hu\/#website"},"datePublished":"2025-03-21T11:59:22+00:00","dateModified":"2025-03-21T11:59:53+00:00","breadcrumb":{"@id":"https:\/\/strandfesztival.com\/hu\/reszletfizetes\/#breadcrumb"},"inLanguage":"hu","potentialAction":[{"@type":"ReadAction","target":["https:\/\/strandfesztival.com\/hu\/reszletfizetes\/"]}]},{"@type":"BreadcrumbList","@id":"https:\/\/strandfesztival.com\/hu\/reszletfizetes\/#breadcrumb","itemListElement":[{"@type":"ListItem","position":1,"name":"Kezdőlap","item":"https:\/\/strandfesztival.com\/hu\/"},{"@type":"ListItem","position":2,"name":"Jegyek részletre"}]},{"@type":"WebSite","@id":"https:\/\/strandfesztival.com\/hu\/#website","url":"https:\/\/strandfesztival.com\/hu\/","name":"STRAND Fesztivál","description":"&#x2600;&#xfe0f; Strand &#x1f3d6;&#xfe0f; Csoda &#x2728; Balaton &#x2600;&#xfe0f;","publisher":{"@id":"https:\/\/strandfesztival.com\/hu\/#organization"},"potentialAction":[{"@type":"SearchAction","target":{"@type":"EntryPoint","urlTemplate":"https:\/\/strandfesztival.com\/hu\/?s={search_term_string}"},"query-input":{"@type":"PropertyValueSpecification","valueRequired":true,"valueName":"search_term_string"}}],"inLanguage":"hu"},{"@type":"Organization","@id":"https:\/\/strandfesztival.com\/hu\/#organization","name":"STRAND Fesztivál","url":"https:\/\/strandfesztival.com\/hu\/","logo":{"@type":"ImageObject","inLanguage":"hu","@id":"https:\/\/strandfesztival.com\/hu\/#\/schema\/logo\/image\/","url":"https:\/\/strandfesztival.com\/wp-content\/uploads\/2025\/12\/strand-logo.svg","contentUrl":"https:\/\/strandfesztival.com\/wp-content\/uploads\/2025\/12\/strand-logo.svg","width":1,"height":1,"caption":"STRAND Fesztivál"},"image":{"@id":"https:\/\/strandfesztival.com\/hu\/#\/schema\/logo\/image\/"},"sameAs":["https:\/\/www.facebook.com\/StrandFesztival","https:\/\/www.instagram.com\/strandfesztival\/"]}]}</script>
<!-- / Yoast SEO plugin. -->

Jegyek részletre &#8902; Strand Fesztivál

&nbsp; &nbsp; Tudtad, hogy lehetőséged van a STRAND bérletedet részletfizetéssel megvásárolni? Az ajánlat a három- és négynapos, illetve a diák és a VIP bérletekre is vonatkozik.Nincs más dolgod, mint kosárba tenni a kiválasztott bérlettípust és kiválasztani a részletfizetés lehetőségét. Az első tranzakció során csak az első részlet és a kezelési költség kerül levonásra, a hátralévő [&hellip;]

Strand Fesztivál

Kezdőlap

STRAND Fesztivál
